ommon factor of g and 74.
37
Let z = -317 + 635. What is the highest common divisor of 6 and z?
6
Suppose 166*x - 168*x + 3308 = -5*r, -2*x = 5*r - 3348. Calculate the highest common factor of 104 and x.
104
Let w = 182 + -161. What is the greatest common factor of 70 and w?
7
Suppose 111 = 2*h + l, -8 = 5*l + 7. Calculate the highest common divisor of h and 19.
19
Let a be (8/(-18))/(8/(-36)). Let t be 772/8*a - 4. Calculate the greatest common divisor of t and 21.
21
Let f(a) = 7*a**3 - 4. Let k be f(3). Suppose 3*n = k + 85. Calculate the greatest common divisor of n and 10.
10
Let a be 44/6 + (-4)/(-6). Let i(p) = 37*p. Let b be i(1). Let r = b + 35. Calculate the greatest common divisor of r and a.
8
Let b(i) be the first derivative of i**2/2 + 5*i + 4. Suppose 7 + 1 = -2*t. Let z be b(t). Calculate the highest common divisor of z and 6.
1
Suppose 5*l + 41 = -2*b + 147, -2*l = b - 43. What is the greatest common divisor of 140 and l?
20
Suppose -a + 6 = -2. Let f = -279 + 291. Calculate the highest common divisor of f and a.
4
Let w be 1*7 - (-16 - 53). Let y = 22 + -3. What is the highest common factor of w and y?
19
Suppose -4*i = -j - 24, 70 = -5*j + i - 6*i. Suppose 5*s - 1035 = -4*h - 321, -2*s = 2*h - 356. Let f = h + j. Calculate the highest common divisor of f and 20.
20
Let o = -37 - -57. Let a be 6/12 - (-2)/(-4). Suppose a = 2*j - 121 - 79. What is the greatest common divisor of o and j?
20
Let k = 62 + -60. Let o be 1/(-2)*(1 - 1). Suppose -k*d + 2 = x, -4*x = d - o*d - 22. Calculate the highest common divisor of x and 24.
6
Suppose -3*r = 2*r + 1215. Let s be 1/(r/(-60) - 4). Calculate the greatest common divisor of s and 10.
10
Let p be (1/(-1))/((-3)/45). Let o be 4093/21 - (-52)/546. What is the greatest common factor of p and o?
15
Let i = -56 - -73. Suppose i*c - 14*c = 60. Calculate the greatest common divisor of c and 140.
20
Let x be (36/45)/(3/60). What is the greatest common divisor of 160 and x?
16
Let i(r) = 15*r**3 - 2*r**2 - r + 2. Let z be i(2). Suppose 4*v = 528 - z. Suppose -a + v - 27 = 0. Calculate the highest common factor of 7 and a.
7
Suppose -172 = -2*z - 0*z. Suppose -3*v + 154 = 5*l, 0*v - 5*l - z = -2*v. Calculate the greatest common divisor of 12 and v.
12
Let o(r) = r**3 + 18*r**2 - 24*r + 9. Let q be o(-19). Let i = q + -38. Let y be ((-1)/(-2))/(3/i). Calculate the highest common divisor of 99 and y.
11
Let n be ((-1008)/(-3))/(-1) + -1. Let q = -155 - n. Let y be (-26)/((2/(-6))/((-8)/(-24))). Calculate the greatest common factor of y and q.
26
Suppose -2*b + 78 = -62. Suppose 3*a = -3 + 12. Suppose -a*v + 38 = -4*t, -2*t = v + 2*t - 2. Calculate the highest common factor of v and b.
10
Suppose -4*x - 4*f + 475 = x, -3*x - 2*f + 287 = 0. Suppose -160 - 164 = 9*y. Let k be (-54)/(-3)*(-4 - y/8). Calculate the highest common factor of x and k.
9
Let b(w) = -w**3 + 11*w**2 + 13*w - 35. Let h be b(11). Let c = 110 - h. What is the highest common factor of c and 6?
2
Let o = 18 + -12. Let h = -4 + o. Let v be 28/154 + (3 - (-36)/44). Calculate the greatest common divisor of h and v.
2
Suppose k - 369 = 336. What is the greatest common factor of k and 15?
15
Let s = 338 + 237. What is the greatest common factor of s and 23?
23
Suppose 0 = 5*m - 14 - 16. Let h = 121 - 37. Let w = -60 + h. What is the highest common divisor of m and w?
6
Suppose -d = 2*d - 6. Let w be (16/20)/(d/55). What is the greatest common factor of w and 33?
11
Let v(a) = 8*a**2 - 13*a + 28*a + a**3 + 2 - 6*a. Let o be v(-6). Calculate the greatest common factor of 180 and o.
20
Let y = 138 - 5. Suppose 5*f + y = 2*b + 725, 5*b + 220 = 2*f. Let o(a) = -a**2 + 43*a - 348. Let r be o(31). What is the highest common divisor of f and r?
24
Let o(u) = u**3 + 7*u**2 + 8*u + 3. Let p be o(-7). Let d be (-2)/8 + (2 - 3030/(-24)). Let w = p + d. Calculate the highest common factor of w and 15.
15
Suppose -11*b = -15*b + 176. Suppose -4*z + 293 = -59. What is the greatest common factor of b and z?
44
Suppose 4*j - 2*j = 206. Let h = 222 - j. Suppose 0 = 2*b + 6, 3*y - 63 + 15 = -b. What is the greatest common divisor of y and h?
17
Suppose 0*o = -3*o + 9. Suppose -4 = -t, -2*m = 3*m + o*t - 372. What is the highest common factor of m and 8?
8
Let p(d) = -2*d - 10. Let l be p(-5). Let v be 1 + (-18)/(l - 2). Suppose 0*x + v = x. What is the highest common divisor of 30 and x?
10
Suppose 4*b - 1174 = -x + 5*b, 5*b - 3554 = -3*x. What is the highest common factor of 62 and x?
62
Let g(t) be the third derivative of -t**6/120 - 2*t**5/15 - 7*t**4/12 - t**3 + 24*t**2. Let k be g(-6). Calculate the greatest common divisor of 15 and k.
3
Suppose 2*y + 3*z + 2 = 0, 5*z + 2 = -3*y - 2. Suppose -112 = -2*o - y*o. What is the highest common factor of o and 14?
14
Let p be (63/14)/(6/728). What is the greatest common divisor of 28 and p?
14
Let z be (-10)/(-1)*2/4. Suppose z*k - 96 + 16 = 0. Let y(w) = -w**2 + 6*w + 93. Let r be y(-7). What is the greatest common divisor of r and k?
2
Suppose 3*t = g + 13, -8*t - 5*g + 35 = -3*t. Suppose n - 9 = 2*d - 5*d, -t*n - 4*d + 67 = 0. What is the highest common divisor of n and 60?
15
Suppose 38*s - 882 = 31*s. What is the greatest common factor of s and 90?
18
Let q(b) = b**3 - 17*b**2 - 16*b + 4. Let d be q(18). Let y = -20 + d. Calculate the greatest common divisor of y and 50.
10
Let x = 695 - 655. Calculate the greatest common factor of 25 and x.
5
Suppose -4*a = -3*r + 16, -r + 5*a - 2 + 22 = 0. Suppose 5*b - 109 - 31 = r. Let o be 57 - (2*1 + -1). Calculate the greatest common factor of b and o.
28
Let d(s) = 116*s - 9*s**2 + 10*s**2 - 124*s + 13. Let a be d(6). Calculate the greatest common divisor of 18 and a.
1
Suppose -j = -2*j + 56. Let v(r) = -6*r - 38. Suppose -4*y - 49 = y + 2*z, -2*y - 28 = -2*z. Let k be v(y). Calculate the greatest common factor of k and j.
28
Let r(z) = z**3 - 12*z**2 + 15*z + 20. Let u be r(11). What is the highest common divisor of u and 48?
16
Let b be 8 - 21/(-13 - -6). Calculate the greatest common factor of b and 176.
11
Suppose 675 = k + g, 0 = 10*k - 7*k - 4*g - 2053. What is the greatest common factor of 7 and k?
7
Let j(y) = 2*y**2 - 18*y + 8. Suppose -s - 27 = -4*m + 2*s, -2*m + s + 15 = 0. Let v be j(m). Calculate the highest common divisor of 24 and v.
8
Let c = 230 - 131. Suppose -c = -0*h - 11*h. Calculate the highest common factor of 9 and h.
9
Let o(u) = -84*u + 512. Let q be o(6). Calculate the highest common factor of 2296 and q.
8
Let k(n) = -11*n + 26. Let h be k(5). Let m(v) = -v**3 + 4*v**2 + 10*v - 7. Let z be m(6). Let l = z - h. What is the highest common divisor of 10 and l?
10
Let v = 758 + -644. Calculate the greatest common divisor of 18 and v.
6
Let f = -157 - -199. Calculate the highest common factor of f and 112.
14
Suppose -102 - 333 = -3*w. Suppose -3*g = 0, 75 = 5*j + 4*g - w. Calculate the greatest common factor of j and 11.
11
Let c = 974 + -953. Calculate the highest common factor of 3 and c.
3
Let s(f) = f**2 + 11*f + 10. Let x be s(-12). Let y = 164 - 54. What is the greatest common factor of y and x?
22
Let v = -1692 - -2538. Let j be v/10 + 8/20. Let q = -35 + 52. Calculate the highest common factor of j and q.
17
Suppose -504*y = -505*y + 75. Calculate the highest common divisor of 15 and y.
15
Let s be (735/(-28))/7*-4. Suppose 2*b - 3*b - 5*h = -29, 0 = 4*b - 4*h + 4. Suppose -b*y + 0*y = -480. Calculate the greatest common factor of y and s.
15
Let s(h) = 3*h**2 + 12*h - 16. Let l be s(-6). What is the highest common divisor of 8 and l?
4
Let z(l) = 8*l + 1. Let p be z(6). Suppose -520*w + 490*w + 210 = 0. What is the highest common factor of w and p?
7
Let n = -1 + 11. What is the highest common factor of n and 130?
10
Suppose 2*f = 3*f. Suppose -3*x = f, -2 + 458 = 3*z + x. Suppose -5*t + 288 + z = 0. What is the highest common factor of t and 8?
8
Suppose 3*t - 5*t = 3*x - 100, x = -5*t + 224. Calculate the greatest common factor of t and 220.
44
Let i = 46 - -22. Suppose 0 = 5*m - 13*m. Suppose -3*f - 4*k = -m*f - 43, -f + 27 = -5*k. Calculate the highest common factor of f and i.
17
Let i(c) = 2*c**3 + 2*c**2 - c. Let g be i(1). Suppose g*m + 2*b = 94, m + 3*b = 8*b + 20. Calculate the greatest common divisor of m and 2